7 composite?
True
Is 20003633303 a composite number?
False
Is 110685055343 prime?
True
Is 459627695 a composite number?
True
Is 108094519843 a prime number?
True
Is 1380708507 prime?
False
Is 369015834761 a prime number?
False
Is 2468627989 prime?
True
Is 34987801801 a prime number?
True
Is 2802105487 composite?
False
Is 70873278571 composite?
False
Is 9674957891 a prime number?
False
Is 51669138867 a composite number?
True
Is 54762230431 composite?
False
Is 14423307802 a composite number?
True
Is 537568013 a composite number?
True
Is 20683749791 prime?
False
Is 69270544219 a prime number?
False
Is 605279497 a prime number?
True
Is 105089401 composite?
False
Is 659393123 composite?
False
Is 463281677 a composite number?
True
Is 2633564471 composite?
True
Is 100814563 composite?
False
Is 29390584019 a prime number?
True
Is 3759683281 a prime number?
False
Is 13561113019 a prime number?
False
Is 10498381483 a prime number?
True
Is 169537322 composite?
True
Is 2245471243 composite?
True
Is 337678087 prime?
False
Is 21776765243 prime?
False
Is 2035195381 prime?
True
Is 6524189755 a prime number?
False
Is 4884783259 a prime number?
False
Is 4404348679 composite?
False
Is 87347989 prime?
False
Is 82174871 composite?
False
Is 12681617083 prime?
True
Is 1223933981 a composite number?
True
Is 8540822749 a prime number?
True
Is 5252595247 a prime number?
False
Is 525915851 a composite number?
False
Is 5925562589 a prime number?
False
Is 4985755301 composite?
True
Is 53941181309 composite?
False
Is 867429527 a prime number?
False
Is 75482555191 a prime number?
True
Is 89970412271 composite?
False
Is 45503323 prime?
True
Is 6275446781 a composite number?
False
Is 97183900067 a composite number?
True
Is 51802848073 prime?
False
Is 10621437977 prime?
True
Is 45261149431 prime?
False
Is 2357474969 composite?
False
Is 172747147 a composite number?
False
Is 2594863469 a composite number?
True
Is 39678767 prime?
False
Is 252191836291 a composite number?
False
Is 34668138667 a prime number?
True
Is 3579539126 a composite number?
True
Is 14887695787 a composite number?
True
Is 2000740747 prime?
True
Is 9628808731 prime?
True
Is 38973685273 a composite number?
True
Is 138800767037 a prime number?
True
Is 57355547539 composite?
True
Is 79316229415 prime?
False
Is 3635407403 a composite number?
False
Is 25303026263 prime?
False
Is 14908789141 prime?
True
Is 1768074871 prime?
False
Is 10502124671 a prime number?
True
Is 17279522647 prime?
False
Is 47979574037 prime?
True
Is 5838444101 composite?
True
Is 5483900003 prime?
True
Is 13230209 a composite number?
True
Is 12141789614 a composite number?
True
Is 1241156711 prime?
True
Is 79898761093 composite?
False
Is 9006255649 prime?
True
Is 58123243 composite?
True
Is 10289165903 a composite number?
True
Is 29870454881 a prime number?
True
Is 27144392141 a composite number?
False
Is 940066429 prime?
True
Is 6953667649 prime?
True
Is 912911227 prime?
True
Is 297933239 a prime number?
False
Is 1002668857 prime?
False
Is 30964613237 a composite number?
True
Is 12673682317 composite?
False
Is 654251347 prime?
True
Is 223574873 a composite number?
False
Is 1751858569 a composite number?
False
Is 130598909801 a composite number?
False
Is 82252459073 a prime number?
False
Is 24031655913 a composite number?
True
Is 32686454971 a prime number?
False
Is 78900617 prime?
False
Is 533218561 a prime number?
False
Is 578688899 composite?
False
Is 4413182509 a composite number?
False
Is 1566767903 composite?
True
Is 2712448477 a prime number?
False
Is 391060627 a prime number?
True
Is 53729329 a prime number?
True
Is 7896315758 prime?
False
Is 4833232831 prime?
False
Is 17349108317 composite?
True
Is 25991114813 a composite number?
True
Is 128264744261 a prime number?
True
Is 23548561241 prime?
True
Is 243295685 a composite number?
True
Is 684213661 a composite number?
False
Is 2677364419 prime?
False
Is 31099232449 a prime number?
True
Is 29364877207 prime?
False
Is 2588752531 a prime number?
True
Is 1995989191 a composite number?
True
Is 505290257 a composite number?
False
Is 3273464687 prime?
True
Is 17532420721 composite?
True
Is 4938509207 prime?
False
Is 9828725637 a prime number?
False
Is 11009351 a composite number?
False
Is 4817766991 a prime number?
True
Is 39201182689 a prime number?
True
Is 132421001183 prime?
True
Is 2051755919 a prime number?
True
Is 1292246743 a composite number?
True
Is 94227895837 prime?
True
Is 364618547 composite?
False
Is 2485903711 a prime number?
True
Is 58045502741 composite?
False
Is 6815471609 a prime number?
True
Is 2505347569 prime?
False
Is 2210649799 composite?
False
Is 227635033 prime?
False
Is 60723808783 a composite number?
True
Is 6682731701 a prime number?
False
Is 642773047 a prime number?
False
Is 722753211 a prime number?
False
Is 3577142117 a prime number?
False
Is 121495137911 a composite number?
True
Is 4815563849 a composite number?
False
Is 8472923597 a composite number?
True
Is 326283195395 prime?
False
Is 38222066341 a composite number?
False
Is 36183952847 prime?
False
Is 2206821431 prime?
True
Is 68510263 a prime number?
False
Is 133298373271 composite?
True
Is 316259221 prime?
True
Is 167794200403 prime?
False
Is 7438184993 prime?
True
Is 231333461761 a prime number?
True
Is 16273569847 prime?
True
Is 1396724449 prime?
True
Is 14778187617 a composite number?
True
Is 3980031323 a composite number?
True
Is 1209280349 composite?
False
Is 27423661183 a prime number?
True
Is 6660643523 composite?
False
Is 5946533789 prime?
False
Is 33449268977 a composite number?
False
Is 1963422521 a prime number?
True
Is 1393553929 a prime number?
True
Is 3603860621 a prime number?
True
Is 123782202487 composite?
True
Is 1321257523 prime?
True
Is 391983601 prime?
False
Is 6652261529 a composite number?
False
Is 2087867437 prime?
True
Is 56107065953 a prime number?
True
Is 500405473 a prime number?
True
Is 18629264473 a composite number?
False
Is 1762743593 composite?
True
Is 7950667 a prime number?
True
Is 41325216697 a prime number?
True
Is 249377677 a composite number?
False
Is 2907841669 prime?
True
Is 219563419 prime?
False
Is 264857239 a prime number?
False
Is 140935033 prime?
True
Is 12352437857 composite?
True
Is 1187359001 prime?
False
Is 295251197 prime?
True
Is 883625789 a composite number?
False
Is 13669585693 composite?
True
Is 11440015841 composite?
False
Is 4319481791 a prime number?
True
Is 8657896729 composite?
True
Is 31629653753 a composite number?
False
Is 481634779 composite?
True
Is 9678363137 prime?
True
Is 1405344397 composite?
True
Is 27682260601 a composite number?
True
Is 210824579 a composite number?
True
Is 25107601 prime?
True
Is 1539040511 composite?
False
Is 54842678689 composite?
False
Is 2110301293 composite?
False
Is 3734746333 prime?
True
Is 50386226243 composite?
False
Is 9201643547 composite?
False
Is 16756599281 prime?
False
Is 29921179781 a composite number?
True
Is 5075269655 prime?
False
Is 14266626313 prime?
True
Is 21746561309 composite?
True
Is 166140281 a composite number?
False
Is 24944532721 prime?
True
Is 725117347 a composite number?
False
Is 96496331 prime?
True
Is 1101656047 a composite number?
True
Is 13928511097 composite?
True
Is 41299816037 prime?
True
Is 84834306979 a prime number?
True
Is 1271638373 a prime number?
True
Is 6679398461 a prime number?
True
Is 12719478689 prime?
True
Is 658876609 a prime number?
False
Is 6568347503 prime?
True
Is 479480167 a composite number?
True
Is 200733563 prime?
False
Is 1159917799 a prime number?
True
Is 5496784463 a composite number?
False
Is 23192372251 a composite number?
False
Is 20651809109 composite?
True
Is 1274972873 a composite number?
False
Is 20945102614 composite?
True
Is 3537444611 composite?
True
Is 2716766833 prime?
False
Is 37995997 a prime number?
False
Is 3839177057 a composite number?
False
Is 1583503237 a composite number?
True
Is 187509521 prime?
True
Is 5672837858 a prime number?
False
Is 13551486961 a prime number?
True
Is 377314697 a prime number?
False
Is 5999692253 prime?
True
Is 3082444819 composite?
True
Is 3350751295 a prime number?
False
Is 31263556287 a composite number?
True
Is 281276119 a composite number?
True
Is 60224233 a composite number?
False
Is 695813039 a 